{"id":53143,"date":"2026-05-10T09:00:46","date_gmt":"2026-05-10T14:00:46","guid":{"rendered":"https:\/\/solidaridadnews.com\/?page_id=53143"},"modified":"2026-05-10T05:53:55","modified_gmt":"2026-05-10T05:53:55","slug":"fallece-bobby-cox-exmanager-de-atlanta-braves-a-los-84-anos","status":"publish","type":"page","link":"https:\/\/solidaridadnews.com\/?page_id=53143","title":{"rendered":"Fallece Bobby Cox, exm\u00e1nager de Atlanta Braves, a los 84 a\u00f1os"},"content":{"rendered":"<p>\ud83d\udd38 Los &#8216;Bravos&#8217; anunciaron el fallecimiento de Cox pero no dieron detalles, aunque se sabe que sufri\u00f3 un derrame cerebral en 2019.<\/p>\n<p>#DEPORTES | Bobby Cox, el afable m\u00e1nager de los Bravos de Atlanta cuyos equipos dominaron la Liga Nacional durante la d\u00e9cada de 1990 y le dieron a la ciudad su primer campeonato, adem\u00e1s de otras participaciones en la Serie Mundial, falleci\u00f3 a los 84 a\u00f1os.<\/p>\n<p>Los Bravos anunciaron el fallecimiento de Cox el s\u00e1bado; pero no dieron detalles. Sin embargo, se sabe que Cox sufri\u00f3 un derrame cerebral en 2019.<\/p>\n<p>\u201cBobby fue el mejor m\u00e1nager que jam\u00e1s visti\u00f3 un uniforme de los Bravos\u201d, se\u00f1al\u00f3 el equipo en un comunicado. \u201cCondujo a nuestro equipo a 14 t\u00edtulos divisionales consecutivos, cinco banderines de la Liga Nacional y el inolvidable t\u00edtulo de la Serie Mundial en 1995. Su legado como m\u00e1nager de los Braves nunca ser\u00e1 igualado\u201d.<\/p>\n<p>Cox asumi\u00f3 el mando de un equipo que estaba en el \u00faltimo lugar en junio de 1990 y llev\u00f3 a los Bravos a pasar de al primer puesto en 1991 antes de perder la Serie Mundial ante los Mellizos de Minnesota en siete juegos. Ese fue el inicio de lo que ser\u00eda un r\u00e9cord de 14 t\u00edtulos divisionales consecutivos, una haza\u00f1a que ning\u00fan equipo profesional de ning\u00fan deporte hab\u00eda logrado.<\/p>\n<p>Dirigi\u00f3 a los Bravos durante 25 a\u00f1os y condujo a Atlanta a su \u00fanico t\u00edtulo de la Serie Mundial en 1995, se retir\u00f3 despu\u00e9s de la temporada de 2010 y fue exaltado al Sal\u00f3n de la Fama en 2014.<\/p>\n<p>#Fallece #BobbyCox #Exm\u00e1nager #Atlanta #Braves<\/p>\n","protected":false},"excerpt":{"rendered":"<p>\ud83d\udd38 Los &#8216;Bravos&#8217; anunciaron el fallecimiento de Cox pero no dieron detalles, aunque se sabe que sufri\u00f3 un derrame cerebral en 2019. #DEPORTES | Bobby Cox, el afable m\u00e1nager de los Bravos de Atlanta cuyos equipos dominaron la Liga Nacional durante la d\u00e9cada de 1990 y le dieron a la ciudad su primer campeonato, adem\u00e1s [&hellip;]<\/p>\n","protected":false},"author":1,"featured_media":53145,"parent":0,"menu_order":0,"comment_status":"open","ping_status":"closed","template":"","meta":{"footnotes":""},"class_list":["post-53143","page","type-page","status-publish","has-post-thumbnail","hentry"],"_links":{"self":[{"href":"https:\/\/solidaridadnews.com\/index.php?rest_route=\/wp\/v2\/pages\/53143","targetHints":{"allow":["GET"]}}],"collection":[{"href":"https:\/\/solidaridadnews.com\/index.php?rest_route=\/wp\/v2\/pages"}],"about":[{"href":"https:\/\/solidaridadnews.com\/index.php?rest_route=\/wp\/v2\/types\/page"}],"author":[{"embeddable":true,"href":"https:\/\/solidaridadnews.com\/index.php?rest_route=\/wp\/v2\/users\/1"}],"replies":[{"embeddable":true,"href":"https:\/\/solidaridadnews.com\/index.php?rest_route=%2Fwp%2Fv2%2Fcomments&post=53143"}],"version-history":[{"count":1,"href":"https:\/\/solidaridadnews.com\/index.php?rest_route=\/wp\/v2\/pages\/53143\/revisions"}],"predecessor-version":[{"id":53144,"href":"https:\/\/solidaridadnews.com\/index.php?rest_route=\/wp\/v2\/pages\/53143\/revisions\/53144"}],"wp:featuredmedia":[{"embeddable":true,"href":"https:\/\/solidaridadnews.com\/index.php?rest_route=\/wp\/v2\/media\/53145"}],"wp:attachment":[{"href":"https:\/\/solidaridadnews.com\/index.php?rest_route=%2Fwp%2Fv2%2Fmedia&parent=53143"}],"curies":[{"name":"wp","href":"https:\/\/api.w.org\/{rel}","templated":true}]}}